/126). Let m = z + -33. What is the highest common divisor of m and 81?
9
Let i = -20 + 25. Let d(f) = -f**3 + 6*f**2 - 7*f - 3. Let r be d(i). Let n = 1 - r. What is the greatest common factor of n and 35?
7
Let q be 2/(9/3 + -1). Let k be (-12 - q)*(-9 + 7). Suppose -v + 7 + 7 = -w, 3*w = -v + k. What is the highest common divisor of 17 and v?
17
Let r = -13 - -16. Let h(n) = -r*n - 3*n + 1 + 9*n. Let t be h(3). What is the greatest common factor of t and 15?
5
Suppose 0 = -11*o + 10*o + 3. Calculate the highest common divisor of o and 57.
3
Let d = 512 - 307. Suppose 4*o - d = 775. What is the greatest common factor of 49 and o?
49
Let h be 201/4 + ((-30)/5)/24. Let z = -146 + 346. Calculate the greatest common divisor of z and h.
50
Let d be -2 + -11*((-1 - -4) + -2). Let h be (-1 - d/3)/(3/9). Calculate the highest common divisor of 30 and h.
10
Suppose 0 = -11*s + 40*s - 10208. Calculate the greatest common divisor of 33 and s.
11
Suppose -n + 34 = -5*x, -n = -x + n - 14. Let d be 2*6*(-8)/x. Suppose -l - 2*v = -99 - 29, -4*l - 4*v = -512. What is the greatest common divisor of d and l?
16
Let i(t) = -2*t + 3. Let a be i(-1). Suppose -v - 3*v + 420 = -k, a*k = 0. Let q be (-61)/(-3) + (-2)/(-3). What is the greatest common divisor of q and v?
21
Suppose 2*i - 218 = -58. Suppose 6*z - 38 = 2*z - 3*k, 5*k + 6 = 2*z. Calculate the highest common factor of z and i.
8
Let z = 1074 + -990. What is the greatest common divisor of z and 273?
21
Let z(l) = 2*l + 39. Let p be z(-18). Let v(g) = 0*g**2 + 6*g - g**2 - 5 - 3*g**2 + g**3. Let b be v(p). What is the highest common divisor of b and 6?
2
Suppose -2*m - 3*m = 5*x - 290, -4*m - 2*x + 232 = 0. Calculate the greatest common divisor of m and 522.
58
Suppose -13*r - 8 = -515. What is the greatest common factor of 637 and r?
13
Let x(c) = 16*c**2 - 85*c - 3. Let g be x(6). Suppose 42 + 2 = -4*k. Let d be (-5)/((-10)/(-4)) - k. Calculate the highest common factor of d and g.
9
Suppose -4*g = -2*b - 318, -5*b + 82 - 492 = -5*g. What is the greatest common divisor of g and 847?
77
Let m(a) = 2*a**2 - a - 1. Let c be m(3). Suppose 3*z - 22 = 2*l, -4*l - 5 = z - 3. Let o be (c/3)/(z/27). Calculate the greatest common factor of o and 14.
7
Suppose -1440 = 36*s - 39*s. Suppose 10*m - 4*m - s = 0. What is the highest common factor of 16 and m?
16
Suppose 13*c - 141 = 1731. Let v(x) = x**3 + 6*x**2 + 4*x. Let y be v(-4). Calculate the highest common factor of y and c.
16
Let m = 49 - 7. Let o = 479 - 143. Calculate the highest common divisor of m and o.
42
Let r(p) = 74*p + 2 - 9 + 3*p. Let k be r(2). What is the greatest common factor of 21 and k?
21
Let a be (-9)/(-5)*20/4. Let f = a - 2. Suppose 210 = 5*h + 70. Calculate the highest common factor of h and f.
7
Suppose 4*m - 148 = -2*u - m, -222 = -3*u - 3*m. Let h be (-1 - (5 + -4)) + u. What is the highest common divisor of h and 8?
8
Suppose 8*b = 3*b + 10. Suppose 2*a - 7*a - 3*t = -19, t = 3*a - 3. What is the greatest common factor of b and a?
2
Suppose 3*d = -5*i + 975, 2*i + 2*d + 154 = 540. Let p be (2/(-3))/((-3)/9). Let r be 3*3*(4 - p). Calculate the greatest common factor of i and r.
18
Let f be 40/12 - 16/12. Suppose -f*q + 273 = 2*q - 5*s, 0 = -2*s + 6. Calculate the greatest common divisor of q and 24.
24
Let o = 1155 - 813. What is the greatest common factor of o and 126?
18
Let r(z) be the third derivative of z**5/60 - z**4/6 - 11*z**3/3 - 44*z**2. Let g be r(-11). What is the greatest common divisor of g and 13?
13
Let x(p) = -p**2 - 5*p + 9. Let v be x(-7). Let m = v + 19. Let y(o) = o**3 + 15*o**2 + o + 36. Let d be y(-15). Calculate the highest common factor of m and d.
7
Let z(p) = -p**3 + 7*p**2 + 95*p + 14. Let n be z(-7). What is the greatest common divisor of 1295 and n?
35
Let a(n) = 6*n. Let z be a(3). Suppose -21*s = -18*s. Let y be 24*(6/(-4) - (-2 + s)). Calculate the greatest common factor of y and z.
6
Let v(x) = 3*x - 4. Let t be v(6). Suppose 2*k + 2 = 3*k. Calculate the highest common factor of k and t.
2
Let j = 5 + 23. Let h(z) = -2*z - 34. Let i be h(-52). What is the highest common divisor of j and i?
14
Let m = 64 + 33. Let x(y) = -12*y - 184. Let s be x(-17). Let d = m - s. Calculate the greatest common factor of d and 11.
11
Suppose 1090 - 2686 = -6*t. Suppose 6*k - 35 = 193. Calculate the highest common divisor of t and k.
38
Let v = 13 + 2. Suppose -4*y = 3*k + 8, -4 = 2*k - k + y. Let a = k + v. What is the highest common factor of a and 28?
7
Let f(d) = -d**3 - 14*d**2 + 14*d - 17. Let q be f(-15). Let n be (0 + -1)/(q/4). Suppose 0 = r - n. Calculate the greatest common divisor of r and 14.
2
Let t = -118 - -293. Suppose 5*f + 4*d = 228, 49 = -3*f + 3*d + t. Calculate the highest common factor of 22 and f.
22
Suppose -5*l + 26 = 6. Let r(a) = -a**3 + 4*a**2 - a - 1. Let q be r(l). Let b be ((-17)/2)/(q/30). Calculate the highest common factor of 34 and b.
17
Suppose 128*z = 132*z - 4. Let u = 20 + -12. Suppose -5*o = -o - u. What is the highest common factor of o and z?
1
Suppose 35 = 3*p + 4*c, 20*c - 15*c - 34 = -3*p. What is the greatest common divisor of 949 and p?
13
Suppose 4*l = 16*l - 504. Calculate the highest common factor of l and 147.
21
Let j = 3294 - 1834. What is the greatest common factor of j and 146?
146
Let h(q) = -q**3 + 14*q**2 - 16*q + 17. Let k be h(12). Let i = k - 103. Calculate the greatest common factor of i and 160.
10
Let c = 254 + 58. Calculate the greatest common divisor of c and 24.
24
Suppose 46 = 3*d - 0*d - 5*f, -5*d = 5*f - 10. Let z be (28/(-10))/(4/(-70)). What is the highest common factor of d and z?
7
Let l be ((-2)/5)/(8/(-1640)). Let z = 162 - l. Calculate the highest common divisor of z and 16.
16
Let t = -220 - -389. Let r = t - 155. What is the greatest common factor of 7 and r?
7
Let h = 14 + -9. Suppose -2*p - 3*a = -123, -3*a + h = 2. Suppose z + 4*z - 124 = -o, 0 = 5*o - 20. Calculate the greatest common divisor of p and z.
12
Let b(h) = -h**2 + 8*h + 2. Let x be b(6). Let t be (-2)/(-16) + (-14772)/(-96). Suppose -t = 2*s - 3*s. Calculate the greatest common divisor of s and x.
14
Suppose -10*o + 1 = -29. What is the greatest common divisor of o and 13?
1
Let h = 1351 + 899. Calculate the greatest common factor of h and 18.
18
Let d be ((-9)/(-6))/(2 - (-47)/(-24)). Calculate the highest common divisor of 60 and d.
12
Let m(j) = -j**3 + 11*j**2 - 3*j + 6. Let g be m(11). Let y = g - -39. Calculate the highest common factor of y and 36.
12
Suppose -x - 1 = -2. Let o be x/7 - 2094/(-42). Calculate the greatest common divisor of o and 25.
25
Let m = -16 + 29. Let k = m - -25. Suppose -120 = -2*j - 2*d, -7*j + d + 168 = -4*j. What is the greatest common factor of k and j?
19
Suppose -2*k = -k - 24. Let y(f) = 2*f + 2. Let z be y(2). What is the highest common factor of z and k?
6
Let z be (9 + -172)/(1 - 0). Let j = 271 + z. Let s = -69 + j. Calculate the highest common factor of 26 and s.
13
Let c = -71 - -51. Let q = 45 + c. Calculate the highest common divisor of 100 and q.
25
Suppose -174 = m - 4*m. Suppose 0 = -3*b + 4*h - 7*h + 84, 4*b + h = 115. What is the highest common divisor of m and b?
29
Let w = 87 - 15. Suppose -7*b + 3*b = -w. What is the greatest common factor of b and 9?
9
Suppose -i + 3*l + 24 = 0, -4*l = i + 2*i - 7. Let v be (-6683)/(-123) + (-1)/3. What is the greatest common divisor of i and v?
9
Let b(g) = g**3 + 7*g**2 + g - 3. Let d be b(-5). Suppose 5*x - 5 = 0, 33*x - 30*x = 5*i - 312. What is the highest common divisor of d and i?
21
Let h = -9 - -69. Let f be (-642)/(-9) - (-4)/6. Suppose -100 = -4*i - 5*z, 2*z = 2*i + 2*i - f. Calculate the greatest common factor of h and i.
20
Let o(k) be the third derivative of k**6/120 - 2*k**5/15 - k**4/3 + k**3 - 7*k**2. Let n be o(10). Calculate the highest common divisor of 14 and n.
14
Let a(v) = 4*v - 5. Let u be a(4). Let r(n) = 2*n**2 + 1. Let y be r(1). Let c be (-12)/9*y - -70. Calculate the highest common divisor of u and c.
11
Let y be 205/20*(-2 + 102). Calculate the greatest common factor of 41 and y.
41
Let z = -61 + -98. Let a = z - -357. What is the greatest common factor of 18 and a?
18
Let f be (2 - 1) + (18 - -8). Let g = f + -21. What is the greatest common divisor o